{"id":65,"date":"2022-02-12T12:19:57","date_gmt":"2022-02-12T12:19:57","guid":{"rendered":"https:\/\/krantec.de\/?page_id=65"},"modified":"2024-01-23T06:50:03","modified_gmt":"2024-01-23T06:50:03","slug":"ersatzteilvertrieb","status":"publish","type":"page","link":"https:\/\/krantec.de\/?page_id=65","title":{"rendered":"Ersatzteilvertrieb"},"content":{"rendered":"\t\t<div data-elementor-type=\"wp-page\" data-elementor-id=\"65\" class=\"elementor elementor-65\">\n\t\t\t\t\t\t<section class=\"elementor-section elementor-top-section elementor-element elementor-element-f4d3432 elementor-section-boxed elementor-section-height-default elementor-section-height-default\" data-id=\"f4d3432\" data-element_type=\"section\" data-e-type=\"section\">\n\t\t\t\t\t\t<div class=\"elementor-container elementor-column-gap-default\">\n\t\t\t\t\t<div class=\"elementor-column elementor-col-50 elementor-top-column elementor-element elementor-element-8ddc4a6\" data-id=\"8ddc4a6\" data-element_type=\"column\" data-e-type=\"column\">\n\t\t\t<div class=\"elementor-widget-wrap elementor-element-populated\">\n\t\t\t\t\t\t<div class=\"elementor-element elementor-element-97be924 elementor-invisible elementor-widget elementor-widget-text-editor\" data-id=\"97be924\" data-element_type=\"widget\" data-e-type=\"widget\" data-settings=\"{&quot;_animation&quot;:&quot;zoomIn&quot;}\" data-widget_type=\"text-editor.default\">\n\t\t\t\t<div class=\"elementor-widget-container\">\n\t\t\t\t\t\t\t\t\t<p>Wir liefern und verbauen Komponenten und Original-Kran-Ersatzteile von zahlreichen namhaften Herstellern, alles rund um die Kran- und Hebetechnik sowie Seile, Ketten, Steuerflaschen und auch Ersatzakkus f\u00fcr Ihre Funkfernsteuerung.<\/p><p>Wir unterst\u00fctzen Sie bei der Lagerhaltung wichtiger Ersatzteile um lange Stillstandszeiten und Produktionsausf\u00e4lle zu vermeiden.<\/p><p>\u00a0<\/p>\t\t\t\t\t\t\t\t<\/div>\n\t\t\t\t<\/div>\n\t\t\t\t<div class=\"elementor-element elementor-element-2658654 elementor-invisible elementor-widget elementor-widget-text-editor\" data-id=\"2658654\" data-element_type=\"widget\" data-e-type=\"widget\" data-settings=\"{&quot;_animation&quot;:&quot;zoomIn&quot;}\" data-widget_type=\"text-editor.default\">\n\t\t\t\t<div class=\"elementor-widget-container\">\n\t\t\t\t\t\t\t\t\t<ul>\n<li>Ersatzteile f\u00fcr:<\/li>\n<li>Krane, Krananlagen<\/li>\n<li>Anschlagmittel und Hebetechnik<\/li>\n<li>Elektromotoren, Getriebemotoren, Antriebselemente, Steuerungstechnik<\/li>\n<li>Elektrokettenz\u00fcge, Elektroseilz\u00fcge<\/li><li>Industrietore, Sektionaltore, Garagentore<br><\/li>\n<li>&nbsp;<\/li>\n<li>&nbsp;<\/li>\n<\/ul>\t\t\t\t\t\t\t\t<\/div>\n\t\t\t\t<\/div>\n\t\t\t\t\t<\/div>\n\t\t<\/div>\n\t\t\t\t<div class=\"elementor-column elementor-col-50 elementor-top-column elementor-element elementor-element-30fb3c6\" data-id=\"30fb3c6\" data-element_type=\"column\" data-e-type=\"column\">\n\t\t\t<div class=\"elementor-widget-wrap elementor-element-populated\">\n\t\t\t\t\t\t<div class=\"elementor-element elementor-element-fd2f065 elementor-widget elementor-widget-image\" data-id=\"fd2f065\" data-element_type=\"widget\" data-e-type=\"widget\" data-settings=\"{&quot;_animation&quot;:&quot;none&quot;}\" data-widget_type=\"image.default\">\n\t\t\t\t<div class=\"elementor-widget-container\">\n\t\t\t\t\t\t\t\t\t\t\t\t\t\t\t<img fetchpriority=\"high\" decoding=\"async\" width=\"640\" height=\"436\" src=\"https:\/\/krantec.de\/wp-content\/uploads\/2022\/02\/lost-places-1801658_1920-1-1024x697.jpg\" class=\"attachment-large size-large wp-image-68\" alt=\"\" srcset=\"https:\/\/krantec.de\/wp-content\/uploads\/2022\/02\/lost-places-1801658_1920-1-1024x697.jpg 1024w, https:\/\/krantec.de\/wp-content\/uploads\/2022\/02\/lost-places-1801658_1920-1-300x204.jpg 300w, https:\/\/krantec.de\/wp-content\/uploads\/2022\/02\/lost-places-1801658_1920-1-768x523.jpg 768w, https:\/\/krantec.de\/wp-content\/uploads\/2022\/02\/lost-places-1801658_1920-1-1536x1046.jpg 1536w, https:\/\/krantec.de\/wp-content\/uploads\/2022\/02\/lost-places-1801658_1920-1.jpg 1920w\" sizes=\"(max-width: 640px) 100vw, 640px\" \/>\t\t\t\t\t\t\t\t\t\t\t\t\t\t\t<\/div>\n\t\t\t\t<\/div>\n\t\t\t\t\t<\/div>\n\t\t<\/div>\n\t\t\t\t\t<\/div>\n\t\t<\/section>\n\t\t\t\t<\/div>\n\t\t","protected":false},"excerpt":{"rendered":"<p>Wir liefern und verbauen Komponenten und Original-Kran-Ersatzteile von zahlreichen namhaften Herstellern, alles rund um die Kran- und Hebetechnik sowie Seile, Ketten, Steuerflaschen und auch Ersatzakkus&#8230;<\/p>\n","protected":false},"author":2,"featured_media":0,"parent":0,"menu_order":0,"comment_status":"closed","ping_status":"closed","template":"","meta":{"_crdt_document":"","footnotes":""},"class_list":["post-65","page","type-page","status-publish","hentry"],"yoast_head":"<!-- This site is optimized with the Yoast SEO plugin v27.5 - https:\/\/yoast.com\/product\/yoast-seo-wordpress\/ -->\n<title>Ersatzteilvertrieb - Krantec F\u00f6rderger\u00e4teservice GmbH<\/title>\n<meta name=\"description\" content=\"Vertrieb von Ersatzteilen f\u00fcr Krane und Hebetechnik, Funkfernsteuerung, Industrietoren.\" \/>\n<meta name=\"robots\" content=\"index, follow, max-snippet:-1, max-image-preview:large, max-video-preview:-1\" \/>\n<link rel=\"canonical\" href=\"https:\/\/krantec.de\/?page_id=65\" \/>\n<meta property=\"og:locale\" content=\"de_DE\" \/>\n<meta property=\"og:type\" content=\"article\" \/>\n<meta property=\"og:title\" content=\"Ersatzteilvertrieb - Krantec F\u00f6rderger\u00e4teservice GmbH\" \/>\n<meta property=\"og:description\" content=\"Vertrieb von Ersatzteilen f\u00fcr Krane und Hebetechnik, Funkfernsteuerung, Industrietoren.\" \/>\n<meta property=\"og:url\" content=\"https:\/\/krantec.de\/?page_id=65\" \/>\n<meta property=\"og:site_name\" content=\"Krantec F\u00f6rderger\u00e4teservice GmbH\" \/>\n<meta property=\"article:modified_time\" content=\"2024-01-23T06:50:03+00:00\" \/>\n<meta property=\"og:image\" content=\"https:\/\/krantec.de\/wp-content\/uploads\/2022\/02\/lost-places-1801658_1920-1-1024x697.jpg\" \/>\n<meta name=\"twitter:card\" content=\"summary_large_image\" \/>\n<meta name=\"twitter:label1\" content=\"Gesch\u00e4tzte Lesezeit\" \/>\n\t<meta name=\"twitter:data1\" content=\"1\u00a0Minute\" \/>\n<script type=\"application\/ld+json\" class=\"yoast-schema-graph\">{\"@context\":\"https:\\\/\\\/schema.org\",\"@graph\":[{\"@type\":\"WebPage\",\"@id\":\"https:\\\/\\\/krantec.de\\\/?page_id=65\",\"url\":\"https:\\\/\\\/krantec.de\\\/?page_id=65\",\"name\":\"Ersatzteilvertrieb - Krantec F\u00f6rderger\u00e4teservice GmbH\",\"isPartOf\":{\"@id\":\"https:\\\/\\\/krantec.de\\\/#website\"},\"primaryImageOfPage\":{\"@id\":\"https:\\\/\\\/krantec.de\\\/?page_id=65#primaryimage\"},\"image\":{\"@id\":\"https:\\\/\\\/krantec.de\\\/?page_id=65#primaryimage\"},\"thumbnailUrl\":\"https:\\\/\\\/krantec.de\\\/wp-content\\\/uploads\\\/2022\\\/02\\\/lost-places-1801658_1920-1-1024x697.jpg\",\"datePublished\":\"2022-02-12T12:19:57+00:00\",\"dateModified\":\"2024-01-23T06:50:03+00:00\",\"description\":\"Vertrieb von Ersatzteilen f\u00fcr Krane und Hebetechnik, Funkfernsteuerung, Industrietoren.\",\"breadcrumb\":{\"@id\":\"https:\\\/\\\/krantec.de\\\/?page_id=65#breadcrumb\"},\"inLanguage\":\"de\",\"potentialAction\":[{\"@type\":\"ReadAction\",\"target\":[\"https:\\\/\\\/krantec.de\\\/?page_id=65\"]}]},{\"@type\":\"ImageObject\",\"inLanguage\":\"de\",\"@id\":\"https:\\\/\\\/krantec.de\\\/?page_id=65#primaryimage\",\"url\":\"https:\\\/\\\/krantec.de\\\/wp-content\\\/uploads\\\/2022\\\/02\\\/lost-places-1801658_1920-1.jpg\",\"contentUrl\":\"https:\\\/\\\/krantec.de\\\/wp-content\\\/uploads\\\/2022\\\/02\\\/lost-places-1801658_1920-1.jpg\",\"width\":1920,\"height\":1307},{\"@type\":\"BreadcrumbList\",\"@id\":\"https:\\\/\\\/krantec.de\\\/?page_id=65#breadcrumb\",\"itemListElement\":[{\"@type\":\"ListItem\",\"position\":1,\"name\":\"Startseite\",\"item\":\"https:\\\/\\\/krantec.de\\\/\"},{\"@type\":\"ListItem\",\"position\":2,\"name\":\"Ersatzteilvertrieb\"}]},{\"@type\":\"WebSite\",\"@id\":\"https:\\\/\\\/krantec.de\\\/#website\",\"url\":\"https:\\\/\\\/krantec.de\\\/\",\"name\":\"Krantec F\u00f6rderger\u00e4teservice GmbH\",\"description\":\"Wir bewegen was.\",\"publisher\":{\"@id\":\"https:\\\/\\\/krantec.de\\\/#organization\"},\"potentialAction\":[{\"@type\":\"SearchAction\",\"target\":{\"@type\":\"EntryPoint\",\"urlTemplate\":\"https:\\\/\\\/krantec.de\\\/?s={search_term_string}\"},\"query-input\":{\"@type\":\"PropertyValueSpecification\",\"valueRequired\":true,\"valueName\":\"search_term_string\"}}],\"inLanguage\":\"de\"},{\"@type\":\"Organization\",\"@id\":\"https:\\\/\\\/krantec.de\\\/#organization\",\"name\":\"Krantec F\u00f6rderger\u00e4teservice GmbH\",\"url\":\"https:\\\/\\\/krantec.de\\\/\",\"logo\":{\"@type\":\"ImageObject\",\"inLanguage\":\"de\",\"@id\":\"https:\\\/\\\/krantec.de\\\/#\\\/schema\\\/logo\\\/image\\\/\",\"url\":\"https:\\\/\\\/krantec.de\\\/wp-content\\\/uploads\\\/2022\\\/02\\\/cropped-ktlogoHP.png\",\"contentUrl\":\"https:\\\/\\\/krantec.de\\\/wp-content\\\/uploads\\\/2022\\\/02\\\/cropped-ktlogoHP.png\",\"width\":479,\"height\":166,\"caption\":\"Krantec F\u00f6rderger\u00e4teservice GmbH\"},\"image\":{\"@id\":\"https:\\\/\\\/krantec.de\\\/#\\\/schema\\\/logo\\\/image\\\/\"}}]}<\/script>\n<!-- \/ Yoast SEO plugin. -->","yoast_head_json":{"title":"Ersatzteilvertrieb - Krantec F\u00f6rderger\u00e4teservice GmbH","description":"Vertrieb von Ersatzteilen f\u00fcr Krane und Hebetechnik, Funkfernsteuerung, Industrietoren.","robots":{"index":"index","follow":"follow","max-snippet":"max-snippet:-1","max-image-preview":"max-image-preview:large","max-video-preview":"max-video-preview:-1"},"canonical":"https:\/\/krantec.de\/?page_id=65","og_locale":"de_DE","og_type":"article","og_title":"Ersatzteilvertrieb - Krantec F\u00f6rderger\u00e4teservice GmbH","og_description":"Vertrieb von Ersatzteilen f\u00fcr Krane und Hebetechnik, Funkfernsteuerung, Industrietoren.","og_url":"https:\/\/krantec.de\/?page_id=65","og_site_name":"Krantec F\u00f6rderger\u00e4teservice GmbH","article_modified_time":"2024-01-23T06:50:03+00:00","og_image":[{"url":"https:\/\/krantec.de\/wp-content\/uploads\/2022\/02\/lost-places-1801658_1920-1-1024x697.jpg","type":"","width":"","height":""}],"twitter_card":"summary_large_image","twitter_misc":{"Gesch\u00e4tzte Lesezeit":"1\u00a0Minute"},"schema":{"@context":"https:\/\/schema.org","@graph":[{"@type":"WebPage","@id":"https:\/\/krantec.de\/?page_id=65","url":"https:\/\/krantec.de\/?page_id=65","name":"Ersatzteilvertrieb - Krantec F\u00f6rderger\u00e4teservice GmbH","isPartOf":{"@id":"https:\/\/krantec.de\/#website"},"primaryImageOfPage":{"@id":"https:\/\/krantec.de\/?page_id=65#primaryimage"},"image":{"@id":"https:\/\/krantec.de\/?page_id=65#primaryimage"},"thumbnailUrl":"https:\/\/krantec.de\/wp-content\/uploads\/2022\/02\/lost-places-1801658_1920-1-1024x697.jpg","datePublished":"2022-02-12T12:19:57+00:00","dateModified":"2024-01-23T06:50:03+00:00","description":"Vertrieb von Ersatzteilen f\u00fcr Krane und Hebetechnik, Funkfernsteuerung, Industrietoren.","breadcrumb":{"@id":"https:\/\/krantec.de\/?page_id=65#breadcrumb"},"inLanguage":"de","potentialAction":[{"@type":"ReadAction","target":["https:\/\/krantec.de\/?page_id=65"]}]},{"@type":"ImageObject","inLanguage":"de","@id":"https:\/\/krantec.de\/?page_id=65#primaryimage","url":"https:\/\/krantec.de\/wp-content\/uploads\/2022\/02\/lost-places-1801658_1920-1.jpg","contentUrl":"https:\/\/krantec.de\/wp-content\/uploads\/2022\/02\/lost-places-1801658_1920-1.jpg","width":1920,"height":1307},{"@type":"BreadcrumbList","@id":"https:\/\/krantec.de\/?page_id=65#breadcrumb","itemListElement":[{"@type":"ListItem","position":1,"name":"Startseite","item":"https:\/\/krantec.de\/"},{"@type":"ListItem","position":2,"name":"Ersatzteilvertrieb"}]},{"@type":"WebSite","@id":"https:\/\/krantec.de\/#website","url":"https:\/\/krantec.de\/","name":"Krantec F\u00f6rderger\u00e4teservice GmbH","description":"Wir bewegen was.","publisher":{"@id":"https:\/\/krantec.de\/#organization"},"potentialAction":[{"@type":"SearchAction","target":{"@type":"EntryPoint","urlTemplate":"https:\/\/krantec.de\/?s={search_term_string}"},"query-input":{"@type":"PropertyValueSpecification","valueRequired":true,"valueName":"search_term_string"}}],"inLanguage":"de"},{"@type":"Organization","@id":"https:\/\/krantec.de\/#organization","name":"Krantec F\u00f6rderger\u00e4teservice GmbH","url":"https:\/\/krantec.de\/","logo":{"@type":"ImageObject","inLanguage":"de","@id":"https:\/\/krantec.de\/#\/schema\/logo\/image\/","url":"https:\/\/krantec.de\/wp-content\/uploads\/2022\/02\/cropped-ktlogoHP.png","contentUrl":"https:\/\/krantec.de\/wp-content\/uploads\/2022\/02\/cropped-ktlogoHP.png","width":479,"height":166,"caption":"Krantec F\u00f6rderger\u00e4teservice GmbH"},"image":{"@id":"https:\/\/krantec.de\/#\/schema\/logo\/image\/"}}]}},"_links":{"self":[{"href":"https:\/\/krantec.de\/index.php?rest_route=\/wp\/v2\/pages\/65","targetHints":{"allow":["GET"]}}],"collection":[{"href":"https:\/\/krantec.de\/index.php?rest_route=\/wp\/v2\/pages"}],"about":[{"href":"https:\/\/krantec.de\/index.php?rest_route=\/wp\/v2\/types\/page"}],"author":[{"embeddable":true,"href":"https:\/\/krantec.de\/index.php?rest_route=\/wp\/v2\/users\/2"}],"replies":[{"embeddable":true,"href":"https:\/\/krantec.de\/index.php?rest_route=%2Fwp%2Fv2%2Fcomments&post=65"}],"version-history":[{"count":7,"href":"https:\/\/krantec.de\/index.php?rest_route=\/wp\/v2\/pages\/65\/revisions"}],"predecessor-version":[{"id":303,"href":"https:\/\/krantec.de\/index.php?rest_route=\/wp\/v2\/pages\/65\/revisions\/303"}],"wp:attachment":[{"href":"https:\/\/krantec.de\/index.php?rest_route=%2Fwp%2Fv2%2Fmedia&parent=65"}],"curies":[{"name":"wp","href":"https:\/\/api.w.org\/{rel}","templated":true}]}}